-a*d + 226 = -59. What is the highest common factor of 19 and d?
19
Suppose -21*c + 5*n = -23*c + 178, 0 = -2*c - 2*n + 190. Calculate the greatest common factor of 176 and c.
11
Let t = -274 - -325. Calculate the greatest common factor of t and 221.
17
Suppose -2*g + 2*d = 6*d + 54, 0 = -2*d - 10. Suppose -2*u - 2*u = 3*n + 13, 0 = -5*n - 2*u - 31. Let r = n - g. What is the greatest common divisor of 5 and r?
5
Let z = -84 - -138. Let r = 60 - z. What is the greatest common factor of r and 78?
6
Suppose -a - 2*a + 6 = 0. Suppose -a = -o + 2. Suppose -2*j + 10 = -6. Calculate the greatest common factor of j and o.
4
Let t = 5 + -9. Let b be (7/2)/((-2)/t). Calculate the greatest common factor of b and 7.
7
Suppose 2*z + 2*t + 8 - 32 = 0, -2*z + 3*t = -19. Let x = -255 + 332. Calculate the highest common divisor of z and x.
11
Let d(t) = 7*t + 1. Let i be d(2). Suppose 12*j - 7*j = 675. Suppose 27*n - 30*n = -j. Calculate the highest common factor of i and n.
15
Let a(q) = -q - 1. Let g(o) = -o**2 - 14*o - 14. Let t be g(-13). Let n be a(t). Suppose -7*w + 11*w - 72 = n. What is the highest common divisor of 6 and w?
6
Suppose -8*i = -2*i - 6. What is the highest common factor of 25 and i?
1
Suppose 73*d - 216 = 69*d. Calculate the highest common divisor of d and 1809.
27
Suppose 36 = 6*s - 4*s. Let c = s + -1. Calculate the highest common factor of c and 153.
17
Let q be 12/(-66) - -1*1491/33. Let z = q - 31. What is the highest common factor of z and 14?
14
Suppose 5*p + 805 = 2*d + 3*d, 5*d - p - 801 = 0. What is the greatest common divisor of d and 20?
20
Let c be (12/(-8))/((-2)/4). Let z(a) = -a**2 + 3*a + 4. Let y be z(c). Let x = 2 + y. Calculate the highest common divisor of x and 54.
6
Let w be (-4)/8 + (-508)/(-8). What is the highest common divisor of 336 and w?
21
Suppose 0 = -2*l - 2*t + 138, -3*l + 0*t + t + 207 = 0. What is the highest common divisor of 3 and l?
3
Let i = -20 + 32. Let d be (10/(-20))/(1/(-6)). Let w = i + d. Calculate the greatest common divisor of 165 and w.
15
Let l(i) = -7*i + 28. Let z(w) = 4*w - 14. Let p be 116/36 - 2/9. Let g(n) = p*l(n) + 5*z(n). Let q be g(12). Calculate the greatest common divisor of 5 and q.
1
Suppose 0 = 5*k - 4*j - 1520, 5*k - 2*j = -4*j + 1490. Suppose 3*p - k = -p. Calculate the highest common divisor of 30 and p.
15
Let h(v) = -200*v + 42. Let g be h(-2). Calculate the greatest common divisor of g and 17.
17
Let f(d) = 7*d**2 - 2*d - 2. Let g be f(-2). Let z be (-4)/(-10) - 744/(-15). Suppose -9*k + 4*k = -z. Calculate the greatest common factor of g and k.
10
Suppose 5*x - 33 = -4*r, 4*r = -5*x + 2*r + 29. Calculate the greatest common divisor of x and 20.
5
Suppose 14 = s + 30. Let q = 64 + s. Let k(i) = 4*i**2 + 4*i. Let a be k(5). What is the greatest common divisor of q and a?
24
Let i(s) = s**3 + 13*s**2 - 14*s - 4. Let p be i(-14). Let f = 22 + p. What is the greatest common factor of f and 9?
9
Suppose 5*n = -0*s - 5*s + 350, 0 = 5*s + n - 358. Calculate the highest common factor of 9 and s.
9
Let a(x) = 106*x + 2. Let o be a(1). Let r = -17 + 38. Suppose 72 = 5*v - 4*t, -t + 0 = 2*v - r. Calculate the greatest common factor of o and v.
12
Let r be (-17)/(102/(-1260)) + (-2 - -1). Let p be ((-14)/21)/((-4)/114). What is the highest common factor of r and p?
19
Let m(v) = -v**2 + 15*v - 7. Let a be m(14). Let j be (9 + -12)*a*1. Let h = j - -29. Calculate the highest common divisor of 88 and h.
8
Let h(n) = n + 26. Let j(t) = t**2 + 18*t + 16. Let d be j(-16). Let p be h(d). What is the greatest common factor of p and 90?
10
Let k be ((-8)/6)/((-2)/108). Let g(p) = -p + 7. Let h be g(9). Let j be (28/(-8) - h)*-6. What is the greatest common divisor of j and k?
9
Suppose -967 = -4*m + 73. Calculate the highest common factor of 156 and m.
52
Suppose 11*h + 114 = 8*h. Suppose 0 = 3*z - 876 + 168. Let j = z + h. Calculate the greatest common factor of 22 and j.
22
Let w = -88 + 91. Suppose -8*a = -w*a - 35. What is the highest common divisor of a and 35?
7
Let x be (10/45 - (-6712)/9) + 1. Calculate the highest common divisor of 83 and x.
83
Let i be 2*(-8 - -5)*-2. Calculate the greatest common factor of 12 and i.
12
Suppose -2*f + 21 = -37. Suppose 0 = 4*n - f - 51. Calculate the greatest common divisor of n and 4.
4
Let v be -3*(-3)/9 - -1. Let a be ((-6)/2 - 11)/(-2). Let d be ((-2)/v)/(a/(-42)). Calculate the greatest common factor of 54 and d.
6
Suppose -2*n = 125 - 143. What is the highest common divisor of n and 90?
9
Let l = 65 - 61. Let u(q) = 2*q**3 - 8*q**2 + 2*q - 3. Let n be u(l). Calculate the highest common divisor of n and 35.
5
Let u(l) = l**3 + l**2 + 29. Let a be u(0). Let m = a + -20. Suppose 2 = i - 2*b - 3*b, -2*i + 5*b + 29 = 0. What is the highest common divisor of m and i?
9
Let o = 46 - 29. Suppose 0 = -5*n + o - 2. Calculate the greatest common divisor of 33 and n.
3
Let s(x) = x**3 + 20*x**2 + 26*x + 20. Let f be s(-18). Calculate the greatest common divisor of 25 and f.
25
Let m be (4/(-14))/(((-3)/(-21))/(-1)). Suppose -m*s = 4*s - 1026. Calculate the greatest common divisor of s and 9.
9
Let s be (-3410)/(-12) - 465/(-558). What is the greatest common divisor of s and 38?
19
Suppose -3*t = -5*t + 252. Let n = 7539 + -7521. Calculate the greatest common divisor of t and n.
18
Let m = 80 - -10. Calculate the greatest common factor of 144 and m.
18
Let m(f) = 5*f - 16. Let h(p) = 6*p - 16. Let i(y) = 2*h(y) - 3*m(y). Let o be i(5). What is the highest common divisor of o and 5?
1
Let l be (-22)/(-6) - (-3)/9. Suppose l*v + 9 = 41. What is the highest common factor of v and 104?
8
Suppose -7*u + 22 - 15 = 0. Let b be (u - 3) + 1*58. What is the highest common divisor of 14 and b?
14
Let v be (-4 - -2) + 0 + 3. Let k = 468 - 459. Calculate the highest common divisor of v and k.
1
Let w(k) = -k**3 + k**2 - k + 7. Let y be w(-3). Calculate the greatest common divisor of 46 and y.
46
Let w = 278 - 182. What is the highest common factor of w and 72?
24
Let s be 2/(-12) - (-2 - 190/60). Calculate the greatest common divisor of 605 and s.
5
Let l = 21 - 13. Suppose 0 = -w + 2*s + 6, -5*s - 85 = -5*w - 30. Suppose 0 = 17*y - w*y - l. Calculate the greatest common factor of y and 24.
8
Let y be (-142)/(-5) - 78/195. What is the greatest common factor of y and 14?
14
Suppose 178 = 5*h + n, h = -0*n - 3*n + 44. What is the greatest common factor of h and 35?
35
Suppose 29*a + 7*a = 792. Calculate the highest common factor of 1474 and a.
22
Let z(j) = -j + 12. Let s be z(10). Let u be 1 - (24 + s)/(-2). Suppose 0*l + l = -3*b - 2, u = 4*b - 2*l. What is the highest common divisor of 1 and b?
1
Let u be -142*12/(-3 - 0) + 4. What is the highest common factor of u and 52?
52
Suppose 4*n + 27*n - 7688 = 0. Calculate the greatest common factor of n and 31.
31
Suppose 0 = 4*m + i + 11, m - 5*i = 3*m + 1. Let z be 80/(-56) + m/(-7). Let r = z - -19. Calculate the greatest common divisor of 9 and r.
9
Let w = 192 - 94. What is the greatest common factor of 1127 and w?
49
Let p = 1 - -2. Suppose 23 - 92 = -p*y. Let c = 75 - 52. Calculate the greatest common factor of y and c.
23
Let n be (-3)/(-9)*-3*3. Let s = -1 - n. Suppose 3*t - 12 = 0, -s*t - 14 = x - 169. Calculate the highest common divisor of x and 21.
21
Suppose 32*k = 28*k + 164. What is the highest common factor of 656 and k?
41
Let o(z) = -z**3 + 7*z**2 + 8*z - 14. Suppose 0 = 3*q - 6*r + r - 11, r + 12 = 2*q. Let y be o(q). What is the highest common factor of 14 and y?
14
Let b(a) = -a**2 - 19*a - 11. Let f be b(-18). Let k be (-3)/(-2)*4/(-3). Let o be k*(-4)/8*f. Calculate the highest common factor of o and 63.
7
Let v(h) = h**2 + 6*h - 2. Let s be (-1)/(-3) - (-114)/(-18). Let f be v(s). Let n be f/(-1) + 0 + 52. Calculate the highest common divisor of 36 and n.
18
Suppose 3*f + 0*b - 5 = 2*b, 2*b = -4*f + 16. Let s be (-1910)/15*f/(-2). Let g = -91 + s. Calculate the highest common factor of g and 40.
20
Suppose -17*z + 1792 = -1336. Calculate the greatest common factor of z and 16.
8
Suppose 9*p + 680 = 17*p. Suppose 4*h - p - 43 = 0. What is the greatest common divisor of h and 8?
8
Let h(q) = 41*q - 118. Let s be h(3). What is the highest common factor of 5 and s?
5
Suppose 3*r - 6 = 0, 5*h